{"id":555,"date":"2023-11-29T16:14:10","date_gmt":"2023-11-29T16:14:10","guid":{"rendered":"https:\/\/www.whiteclinicbelgrade.com\/?page_id=555"},"modified":"2026-03-02T20:08:56","modified_gmt":"2026-03-02T19:08:56","slug":"dr-violeta-pajic","status":"publish","type":"page","link":"https:\/\/www.whiteclinicbelgrade.com\/en\/dr-violeta-pajic\/","title":{"rendered":"Dr. Violeta Paji\u0107"},"content":{"rendered":"<p>[et_pb_section fb_built=&#8220;1&#8243; _builder_version=&#8220;4.16&#8243; global_colors_info=&#8220;{}&#8220;][et_pb_row _builder_version=&#8220;4.23.1&#8243; _module_preset=&#8220;default&#8220; global_colors_info=&#8220;{}&#8220;][et_pb_column type=&#8220;4_4&#8243; _builder_version=&#8220;4.23.1&#8243; _module_preset=&#8220;default&#8220; global_colors_info=&#8220;{}&#8220;][et_pb_text _builder_version=&#8220;4.23.1&#8243; _module_preset=&#8220;default&#8220; global_colors_info=&#8220;{}&#8220;]<\/p>\n<h1><strong>Dr Violeta Paji\u0107<\/strong><\/h1>\n<p>[\/et_pb_text][\/et_pb_column][\/et_pb_row][et_pb_row column_structure=&#8220;2_5,3_5&#8243; _builder_version=&#8220;4.16&#8243; background_size=&#8220;initial&#8220; background_position=&#8220;top_left&#8220; background_repeat=&#8220;repeat&#8220; global_colors_info=&#8220;{}&#8220;][et_pb_column type=&#8220;2_5&#8243; _builder_version=&#8220;4.16&#8243; custom_padding=&#8220;|||&#8220; global_colors_info=&#8220;{}&#8220; custom_padding__hover=&#8220;|||&#8220;][et_pb_image src=&#8220;https:\/\/www.whiteclinicbelgrade.com\/wp-content\/uploads\/2023\/09\/VP.png&#8220; title_text=&#8220;VP&#8220; _builder_version=&#8220;4.23.1&#8243; _module_preset=&#8220;default&#8220; global_colors_info=&#8220;{}&#8220;][\/et_pb_image][\/et_pb_column][et_pb_column type=&#8220;3_5&#8243; _builder_version=&#8220;4.16&#8243; custom_padding=&#8220;|||&#8220; global_colors_info=&#8220;{}&#8220; custom_padding__hover=&#8220;|||&#8220;][et_pb_text admin_label=&#8220;Text&#8220; _builder_version=&#8220;4.23.1&#8243; background_size=&#8220;initial&#8220; background_position=&#8220;top_left&#8220; background_repeat=&#8220;repeat&#8220; text_orientation=&#8220;justified&#8220; global_colors_info=&#8220;{}&#8220;]<\/p>\n<p>Diplomirala je 2008 godine na Stomatolo\u0161kom fakultetu u Beogradu. Tokom zavr\u0161nih godina studija radi kao demonstrator na Klinici za bolesti zuba, \u010dime zapo\u010dinje svoje usavr\u0161avanje u restaurativnoj stomatologiji i endodonciji. Pripravni\u010dki sta\u017e obavlja na Stomatolo\u0161kom fakultetu.<br \/>Po diplomiranju, zapo\u010dinje akademsku karijeru na Stomatolo\u0161kom fakultetu u Beogradu, a prva iskustva stekla je na Klinici za bolesti zuba u toku akademskih specijalisti\u010dkih studija iz oblasti endodoncije kod prof. Branislava Karad\u017ei\u0107a. Na istoj klinici je 2012 godine odbranila specijalisti\u010dki rad na temu \u201eAkutne egzacerbacije hroni\u010dnih apeksnih parodontitisa\u201c i stekla zvanje akademskog specijaliste.<br \/>Tokom akademskih specijalisti\u010dkih studija radi u ordinaciji Dr Radlova\u010dki kao konsultant.<br \/>Tokom 2012 godine je zaposlena u ordinaciji \u201eGala Dent\u201c, 2013 godine prelazi u ordinaciju \u201eTiM stomatologija\u201c gde sara\u0111uje sa prof. Milanom Juri\u0161i\u0107em i dr Tomislavom \u017divanovi\u0107em, gde nastavlja svoje usavr\u0161avanje narednih 10 godina.<br \/>Specijalizaciju iz oblasti ortopedije vilica upisuje 2017 god na Stomatolo\u0161kom fakultetu Univerziteta u Beogradu pod mentorstvom prof. Zorane Stamenkovi\u0107, prof. Angeline Nikodijevi\u0107 i prof. Ivane \u0160\u0107epan i kroz tri godine sti\u010de zvanje specijaliste ortopedije vilica.<br \/>Redovno pose\u0107uje kurseve i predavanja iz oblasti endodoncije i ortodoncije.<br \/>Veoma je posve\u0107ena, predana i temeljna. Posve\u0107ena je najvi\u0161e ortodonciji i endodonciji.<\/p>\n<p>[\/et_pb_text][\/et_pb_column][\/et_pb_row][\/et_pb_section]<\/p>\n","protected":false},"excerpt":{"rendered":"<p>Dr Violeta Paji\u0107Diplomirala je 2008 godine na Stomatolo\u0161kom fakultetu u Beogradu. Tokom zavr\u0161nih godina studija radi kao demonstrator na Klinici za bolesti zuba, \u010dime zapo\u010dinje svoje usavr\u0161avanje u restaurativnoj stomatologiji i endodonciji. Pripravni\u010dki sta\u017e obavlja na Stomatolo\u0161kom fakultetu.Po diplomiranju, zapo\u010dinje akademsku karijeru na Stomatolo\u0161kom fakultetu u Beogradu, a prva iskustva stekla je na Klinici za [&hellip;]<\/p>\n","protected":false},"author":1,"featured_media":247,"parent":0,"menu_order":0,"comment_status":"closed","ping_status":"closed","template":"","meta":{"_et_pb_use_builder":"on","_et_pb_old_content":"","_et_gb_content_width":"","footnotes":""},"class_list":["post-555","page","type-page","status-publish","has-post-thumbnail","hentry"],"aioseo_notices":[],"_links":{"self":[{"href":"https:\/\/www.whiteclinicbelgrade.com\/en\/wp-json\/wp\/v2\/pages\/555","targetHints":{"allow":["GET"]}}],"collection":[{"href":"https:\/\/www.whiteclinicbelgrade.com\/en\/wp-json\/wp\/v2\/pages"}],"about":[{"href":"https:\/\/www.whiteclinicbelgrade.com\/en\/wp-json\/wp\/v2\/types\/page"}],"author":[{"embeddable":true,"href":"https:\/\/www.whiteclinicbelgrade.com\/en\/wp-json\/wp\/v2\/users\/1"}],"replies":[{"embeddable":true,"href":"https:\/\/www.whiteclinicbelgrade.com\/en\/wp-json\/wp\/v2\/comments?post=555"}],"version-history":[{"count":5,"href":"https:\/\/www.whiteclinicbelgrade.com\/en\/wp-json\/wp\/v2\/pages\/555\/revisions"}],"predecessor-version":[{"id":1084,"href":"https:\/\/www.whiteclinicbelgrade.com\/en\/wp-json\/wp\/v2\/pages\/555\/revisions\/1084"}],"wp:featuredmedia":[{"embeddable":true,"href":"https:\/\/www.whiteclinicbelgrade.com\/en\/wp-json\/wp\/v2\/media\/247"}],"wp:attachment":[{"href":"https:\/\/www.whiteclinicbelgrade.com\/en\/wp-json\/wp\/v2\/media?parent=555"}],"curies":[{"name":"wordpress","href":"https:\/\/api.w.org\/{rel}","templated":true}]}}

Dr. Violeta Pajić

<p>[et_pb_section fb_built=&#8220;1&#8243; _builder_version=&#8220;4.16&#8243; global_colors_info=&#8220;{}&#8220;][et_pb_row _builder_version=&#8220;4.23.1&#8243; _module_preset=&#8220;default&#8220; global_colors_info=&#8220;{}&#8220;][et_pb_column type=&#8220;4_4&#8243; _builder_version=&#8220;4.23.1&#8243; _module_preset=&#8220;default&#8220; global_colors_info=&#8220;{}&#8220;][et_pb_text _builder_version=&#8220;4.23.1&#8243; _module_preset=&#8220;default&#8220; global_colors_info=&#8220;{}&#8220;]</p>
<h1><strong>Dr Violeta Pajić</strong></h1>
<p>[/et_pb_text][/et_pb_column][/et_pb_row][et_pb_row column_structure=&#8220;2_5,3_5&#8243; _builder_version=&#8220;4.16&#8243; background_size=&#8220;initial&#8220; background_position=&#8220;top_left&#8220; background_repeat=&#8220;repeat&#8220; global_colors_info=&#8220;{}&#8220;][et_pb_column type=&#8220;2_5&#8243; _builder_version=&#8220;4.16&#8243; custom_padding=&#8220;|||&#8220; global_colors_info=&#8220;{}&#8220; custom_padding__hover=&#8220;|||&#8220;][et_pb_image src=&#8220;https://www.whiteclinicbelgrade.com/wp-content/uploads/2023/09/VP.png&#8220; title_text=&#8220;VP&#8220; _builder_version=&#8220;4.23.1&#8243; _module_preset=&#8220;default&#8220; global_colors_info=&#8220;{}&#8220;][/et_pb_image][/et_pb_column][et_pb_column type=&#8220;3_5&#8243; _builder_version=&#8220;4.16&#8243; custom_padding=&#8220;|||&#8220; global_colors_info=&#8220;{}&#8220; custom_padding__hover=&#8220;|||&#8220;][et_pb_text admin_label=&#8220;Text&#8220; _builder_version=&#8220;4.23.1&#8243; background_size=&#8220;initial&#8220; background_position=&#8220;top_left&#8220; background_repeat=&#8220;repeat&#8220; text_orientation=&#8220;justified&#8220; global_colors_info=&#8220;{}&#8220;]</p>
<p>Diplomirala je 2008 godine na Stomatološkom fakultetu u Beogradu. Tokom završnih godina studija radi kao demonstrator na Klinici za bolesti zuba, čime započinje svoje usavršavanje u restaurativnoj stomatologiji i endodonciji. Pripravnički staž obavlja na Stomatološkom fakultetu.<br />Po diplomiranju, započinje akademsku karijeru na Stomatološkom fakultetu u Beogradu, a prva iskustva stekla je na Klinici za bolesti zuba u toku akademskih specijalističkih studija iz oblasti endodoncije kod prof. Branislava Karadžića. Na istoj klinici je 2012 godine odbranila specijalistički rad na temu „Akutne egzacerbacije hroničnih apeksnih parodontitisa“ i stekla zvanje akademskog specijaliste.<br />Tokom akademskih specijalističkih studija radi u ordinaciji Dr Radlovački kao konsultant.<br />Tokom 2012 godine je zaposlena u ordinaciji „Gala Dent“, 2013 godine prelazi u ordinaciju „TiM stomatologija“ gde sarađuje sa prof. Milanom Jurišićem i dr Tomislavom Živanovićem, gde nastavlja svoje usavršavanje narednih 10 godina.<br />Specijalizaciju iz oblasti ortopedije vilica upisuje 2017 god na Stomatološkom fakultetu Univerziteta u Beogradu pod mentorstvom prof. Zorane Stamenković, prof. Angeline Nikodijević i prof. Ivane Šćepan i kroz tri godine stiče zvanje specijaliste ortopedije vilica.<br />Redovno posećuje kurseve i predavanja iz oblasti endodoncije i ortodoncije.<br />Veoma je posvećena, predana i temeljna. Posvećena je najviše ortodonciji i endodonciji.</p>
<p>[/et_pb_text][/et_pb_column][/et_pb_row][/et_pb_section]</p>

<p>Dr Violeta PajićDiplomirala je 2008 godine na Stomatološkom fakultetu u Beogradu. Tokom završnih godina studija radi kao demonstrator na Klinici za bolesti zuba, čime započinje svoje usavršavanje u restaurativnoj stomatologiji i endodonciji. Pripravnički staž obavlja na Stomatološkom fakultetu.Po diplomiranju, započinje akademsku karijeru na Stomatološkom fakultetu u Beogradu, a prva iskustva stekla je na Klinici za [&hellip;]</p>
